{"id":101,"date":"2025-02-07T08:39:38","date_gmt":"2025-02-07T07:39:38","guid":{"rendered":"http:\/\/wtztecza.pl\/?page_id=101"},"modified":"2025-02-07T12:02:47","modified_gmt":"2025-02-07T11:02:47","slug":"techniczna","status":"publish","type":"page","link":"http:\/\/wtztecza.pl\/index.php\/techniczna\/","title":{"rendered":"Techniczna"},"content":{"rendered":"\n<p><\/p>\n\n\n\n<p class=\"has-foreground-color has-text-color has-link-color wp-elements-d0f8dc59db78e08214f04db253249ff8\"><strong>Pracownia Techniczna<\/strong><\/p>\n\n\n\n<p>___________________________________________________________________________________<\/p>\n\n\n\n<p class=\"has-foreground-color has-text-color has-link-color has-extra-small-font-size wp-elements-deae3dcc9e845b9196fb38686fa67a3f\">Dzi\u0119ki zaj\u0119ciom w pracowni Technicznej uczestnicy zdobywaj\u0105 podstawowe umiej\u0119tno\u015bci i wiedz\u0119 w pos\u0142ugiwaniu si\u0119 narz\u0119dziami stolarskimi, ucz\u0105 si\u0119 obs\u0142ugi urz\u0105dze\u0144 elektrycznych oraz sposobu obr\u00f3bki drewna . Uczestnicy przyswajaj\u0105 sobie podstawowe zasady bezpiecze\u0144stwa i higieny pracy. Doskona\u0142\u0105 umiej\u0119tno\u015bci wsp\u00f3\u0142dzia\u0142ania w grupie jak r\u00f3wnie\u017c samodzielnej pracy.<br><br>W pracowni zajmujemy si\u0119 :<br><br>-rze\u017ab\u0105 w drewnie, uczymy si\u0119 pos\u0142ugiwa\u0107 d\u0142utami,<br><br>-bejcujemy , lakierujemy , woskujemy , malujemy, poznajemy wszelkie metody ozdabiania drewna,<br><br>-Uczymy si\u0119 pos\u0142ugiwa\u0107 p\u0119dzlami , lakierami,<br><br>&#8211; szlifujemy , wycinamy , tniemy, obrabiamy pilnikami, papierem \u015bciernym wszelkiego rodzaju elementy drewniane ,uczymy si\u0119 pos\u0142ugiwa\u0107 narz\u0119dziami stolarskimi<br>-wypalamy w drewnie.<\/p>\n","protected":false},"excerpt":{"rendered":"<p>Pracownia Techniczna ___________________________________________________________________________________ Dzi\u0119ki zaj\u0119ciom w pracowni Technicznej uczestnicy zdobywaj\u0105 podstawowe umiej\u0119tno\u015bci i wiedz\u0119 w pos\u0142ugiwaniu si\u0119 narz\u0119dziami stolarskimi, ucz\u0105 si\u0119 obs\u0142ugi urz\u0105dze\u0144 elektrycznych oraz sposobu obr\u00f3bki drewna . Uczestnicy przyswajaj\u0105 sobie podstawowe zasady bezpiecze\u0144stwa i higieny pracy. Doskona\u0142\u0105 umiej\u0119tno\u015bci wsp\u00f3\u0142dzia\u0142ania w grupie jak r\u00f3wnie\u017c samodzielnej pracy. W pracowni zajmujemy si\u0119 : -rze\u017ab\u0105 w drewnie, [&hellip;]<\/p>\n","protected":false},"author":1,"featured_media":0,"parent":0,"menu_order":0,"comment_status":"closed","ping_status":"closed","template":"","meta":{"footnotes":""},"class_list":["post-101","page","type-page","status-publish","hentry"],"_links":{"self":[{"href":"http:\/\/wtztecza.pl\/index.php\/wp-json\/wp\/v2\/pages\/101","targetHints":{"allow":["GET"]}}],"collection":[{"href":"http:\/\/wtztecza.pl\/index.php\/wp-json\/wp\/v2\/pages"}],"about":[{"href":"http:\/\/wtztecza.pl\/index.php\/wp-json\/wp\/v2\/types\/page"}],"author":[{"embeddable":true,"href":"http:\/\/wtztecza.pl\/index.php\/wp-json\/wp\/v2\/users\/1"}],"replies":[{"embeddable":true,"href":"http:\/\/wtztecza.pl\/index.php\/wp-json\/wp\/v2\/comments?post=101"}],"version-history":[{"count":4,"href":"http:\/\/wtztecza.pl\/index.php\/wp-json\/wp\/v2\/pages\/101\/revisions"}],"predecessor-version":[{"id":175,"href":"http:\/\/wtztecza.pl\/index.php\/wp-json\/wp\/v2\/pages\/101\/revisions\/175"}],"wp:attachment":[{"href":"http:\/\/wtztecza.pl\/index.php\/wp-json\/wp\/v2\/media?parent=101"}],"curies":[{"name":"wp","href":"https:\/\/api.w.org\/{rel}","templated":true}]}}