{"id":180,"date":"2025-02-10T08:54:50","date_gmt":"2025-02-10T07:54:50","guid":{"rendered":"http:\/\/wtztecza.pl\/?page_id=180"},"modified":"2025-02-12T11:42:27","modified_gmt":"2025-02-12T10:42:27","slug":"kontakt","status":"publish","type":"page","link":"http:\/\/wtztecza.pl\/index.php\/kontakt\/","title":{"rendered":"Kontakt"},"content":{"rendered":"\n<div style=\"height:25px\" aria-hidden=\"true\" class=\"wp-block-spacer\"><\/div>\n\n\n\n<div class=\"wp-block-columns is-layout-flex wp-container-core-columns-is-layout-1 wp-block-columns-is-layout-flex\">\n<div class=\"wp-block-column is-vertically-aligned-center is-layout-flow wp-block-column-is-layout-flow\">\n<p><\/p>\n\n\n\n<p><\/p>\n\n\n\n<p><\/p>\n\n\n\n<p><\/p>\n\n\n\n<p class=\"has-text-align-center has-secondary-color has-text-color has-link-color wp-elements-be88f96e654bc2e8b663fc4beb9a4b4c\"><strong>Warsztat Terapii Zaj\u0119ciowej &#8222;T\u0119cza&#8221;<\/strong><\/p>\n\n\n\n<p class=\"has-text-align-center has-secondary-color has-text-color has-link-color wp-elements-d8f7782a90266d0440983510ff8faede\"><strong>63-400 Ostr\u00f3w Wielkopolski<\/strong> <\/p>\n\n\n\n<p class=\"has-text-align-center has-secondary-color has-text-color has-link-color wp-elements-bec22585a1ad412897fe9fe11b0aed19\"><strong>ul. Odolanowska 19 <\/strong><\/p>\n\n\n\n<p class=\"has-text-align-center has-secondary-color has-text-color has-link-color wp-elements-9bdb7ef683e718850b1917aa4b706230\"><strong>Tel. <\/strong>62 735 99 24 <\/p>\n\n\n\n<p class=\"has-text-align-center has-secondary-color has-text-color has-link-color wp-elements-15b147924357a5aa70c3283cd7d6fc23\"><strong>Tel.kom.<\/strong> 600 373 572 <\/p>\n\n\n\n<p class=\"has-text-align-center has-secondary-color has-text-color has-link-color wp-elements-7ffa3daf6b553c2f965b675f0a38b248\"><strong>NIP:<\/strong> 622-19-52-742 <\/p>\n\n\n\n<p class=\"has-text-align-center has-secondary-color has-text-color has-link-color wp-elements-23ff095f3337e98387e23881182dbf29\"><strong>Strona internetowa:<\/strong> www.wtztecza.pl<\/p>\n\n\n\n<p class=\"has-text-align-center has-secondary-color has-text-color has-link-color wp-elements-c8842c01fa79377035ee07bc822c8bbd\"><\/p>\n\n\n\n<p><\/p>\n\n\n\n<p><\/p>\n\n\n\n<p><\/p>\n<\/div>\n\n\n\n<div class=\"wp-block-column is-vertically-aligned-center is-layout-flow wp-block-column-is-layout-flow\">\n<figure class=\"wp-block-image aligncenter size-full\"><img loading=\"lazy\" decoding=\"async\" width=\"2560\" height=\"1920\" src=\"http:\/\/wtztecza.pl\/wp-content\/uploads\/2025\/02\/IMG_35111-scaled.jpg\" alt=\"\" class=\"wp-image-961\" srcset=\"http:\/\/wtztecza.pl\/wp-content\/uploads\/2025\/02\/IMG_35111-scaled.jpg 2560w, http:\/\/wtztecza.pl\/wp-content\/uploads\/2025\/02\/IMG_35111-300x225.jpg 300w, http:\/\/wtztecza.pl\/wp-content\/uploads\/2025\/02\/IMG_35111-1024x768.jpg 1024w, http:\/\/wtztecza.pl\/wp-content\/uploads\/2025\/02\/IMG_35111-768x576.jpg 768w, http:\/\/wtztecza.pl\/wp-content\/uploads\/2025\/02\/IMG_35111-1536x1152.jpg 1536w, http:\/\/wtztecza.pl\/wp-content\/uploads\/2025\/02\/IMG_35111-2048x1536.jpg 2048w\" sizes=\"auto, (max-width: 2560px) 100vw, 2560px\" \/><\/figure>\n<\/div>\n<\/div>\n\n\n\n<p><\/p>\n\n\n\n<div style=\"height:26px\" aria-hidden=\"true\" class=\"wp-block-spacer\"><\/div>\n","protected":false},"excerpt":{"rendered":"<p>Warsztat Terapii Zaj\u0119ciowej &#8222;T\u0119cza&#8221; 63-400 Ostr\u00f3w Wielkopolski ul. Odolanowska 19 Tel. 62 735 99 24 Tel.kom. 600 373 572 NIP: 622-19-52-742 Strona internetowa: www.wtztecza.pl<\/p>\n","protected":false},"author":1,"featured_media":0,"parent":0,"menu_order":0,"comment_status":"closed","ping_status":"closed","template":"","meta":{"footnotes":""},"class_list":["post-180","page","type-page","status-publish","hentry"],"_links":{"self":[{"href":"http:\/\/wtztecza.pl\/index.php\/wp-json\/wp\/v2\/pages\/180","targetHints":{"allow":["GET"]}}],"collection":[{"href":"http:\/\/wtztecza.pl\/index.php\/wp-json\/wp\/v2\/pages"}],"about":[{"href":"http:\/\/wtztecza.pl\/index.php\/wp-json\/wp\/v2\/types\/page"}],"author":[{"embeddable":true,"href":"http:\/\/wtztecza.pl\/index.php\/wp-json\/wp\/v2\/users\/1"}],"replies":[{"embeddable":true,"href":"http:\/\/wtztecza.pl\/index.php\/wp-json\/wp\/v2\/comments?post=180"}],"version-history":[{"count":15,"href":"http:\/\/wtztecza.pl\/index.php\/wp-json\/wp\/v2\/pages\/180\/revisions"}],"predecessor-version":[{"id":997,"href":"http:\/\/wtztecza.pl\/index.php\/wp-json\/wp\/v2\/pages\/180\/revisions\/997"}],"wp:attachment":[{"href":"http:\/\/wtztecza.pl\/index.php\/wp-json\/wp\/v2\/media?parent=180"}],"curies":[{"name":"wp","href":"https:\/\/api.w.org\/{rel}","templated":true}]}}